et u(s) = -s - 2. Give u(z).
-6
Let z(a) = a**2 - 5*a - 1. Suppose -4*y + 6 = -6. Let t = y - 6. Let o(w) = -w + 1. Let x be o(t). Give z(x).
-5
Suppose -z = -2, -4*i + z + 2 = -2*i. Let b(h) = 2 - 3*h + i*h - 3*h**2 + 2*h + h**3. Calculate b(2).
0
Let y(b) be the third derivative of -b**4/8 - b**3/6 - b**2. What is y(3)?
-10
Let d(x) be the second derivative of -x**3/6 - 4*x**2 + 3*x. Suppose 0 = 2*k + 1 - 3. Let w = k - 1. Determine d(w).
-8
Suppose -j + 0*t = -2*t + 6, -j + 3*t = 6. Let q = -4 - -5. Let a(c) = -c - 7. Let w(f) = 1. Let p(m) = q*a(m) + 3*w(m). Determine p(j).
2
Let g(v) = -93 - v**2 + 193 - 89 - v**3. Calculate g(0).
11
Suppose 3*t - 3 = 2*v, -4*v - 1 - 13 = 2*t. Let l(a) be the third derivative of 2/3*a**3 + 0*a**4 + 0*a - 2*a**2 - 1/20*a**5 - 1/120*a**6 + 0. Calculate l(v).
4
Let p(r) = -r**2 + 5*r. Let u = -8 + 13. Suppose u*d - l - 15 = 0, 2*d + 2*l = d + 14. Suppose -f = -d*v + 12, 3*f - v - 4 = v. Determine p(f).
4
Let s(t) = t + t + 0*t - 3*t + 4. Suppose -12 = 3*g, 4*h - h - 5*g - 32 = 0. Calculate s(h).
0
Let x be 0/(0 + 1) - -3. Let m(o) be the first derivative of o**3/3 - 3*o**2/2 - 4*o + 1. What is m(x)?
-4
Suppose 6 = 11*w - 8*w. Let p(x) = 2*x**3 - 3*x**2 + 3*x. Give p(w).
10
Let c(j) = -7*j + 4. Let k(s) = -8*s + 5. Let q(w) = 7*c(w) - 6*k(w). Calculate q(-5).
3
Let v(z) be the first derivative of -z**2/2 - z - 11. What is v(-4)?
3
Let y(i) = -2 - 5*i**2 + 2*i**2 + i**2 + 10*i + 5. Let s(h) = -h**2 + 5*h + 1. Let j(n) = -5*s(n) + 2*y(n). What is j(5)?
1
Let n(j) = j**3 - 4*j**2 - 7*j. Let d = -8 + 13. Determine n(d).
-10
Let f(o) = o**3 - o - 1. Let s(v) = v**3 - 8*v**2 - 9*v - 1. Let b(l) = -2*f(l) + s(l). What is b(-7)?
1
Let m(b) = 25*b + 127. Let t be m(-5). Let r(f) = f**2 + 2*f - 3. Let q(a) = -a + 1. Let s(w) = 8*q(w) + 3*r(w). Determine s(t).
7
Let x(t) = 14*t**2 - 1. Suppose 3*k + 0*k = -2*d + 8, -2*d - 6 = -4*k. Give x(d).
13
Let c(t) = 2*t**2 - 14*t. Let p(r) = r**2 - 7*r. Let o(q) = -3*c(q) + 5*p(q). Give o(5).
10
Let t = -4 - -6. Let i = t + -2. Let a(o) = -o**3 + 5*o**2 - 5*o + 3. Let p(g) = -g**3 + 6*g**2 - 6*g + 3. Let m(j) = 6*a(j) - 5*p(j). Calculate m(i).
3
Let i = 0 + 6. Let r(c) = -c**3 + 7*c**2 - 6*c + 6. Give r(i).
6
Suppose 21*p = 17*p + 36. Let n(r) = -r**2 + 11*r - 2. What is n(p)?
16
Let i(j) = j**2 + 5*j - 3. Suppose 3*r + v - 2*v + 19 = 0, -5*r - 2*v = 50. What is i(r)?
21
Suppose 3*i = -4*y - 13, y + 2*y + 14 = 2*i. Let n be -4 + 5 - (-2 - -1). Let v(a) = -6*a**n + 3*a**2 - 2*a**2 - 1. What is v(i)?
-6
Suppose -4*h = -0*h - 36. Suppose -v + h = 2*v. Let p(n) = 4*n + 2 + v*n**2 - n**2 + 1 + n**3. What is p(-2)?
-5
Suppose 1 = 5*q - 4*v - 26, -3*q - 3 = 4*v. Suppose 3*o - 4 = 2*w + 23, 5*w = -3*o + 27. Suppose -15 = -5*t, o = -q*c + 6*c - t. Let m(b) = -2*b - 3. Give m(c).
-11
Let i = 23 - 36. Let j be i/4 + (-3)/4. Let p(n) be the second derivative of n**4/12 + 5*n**3/6 + n. Give p(j).
-4
Let n = -9 + 11. Let l(h) = -2*h + 0 + h**3 + 4*h**2 - 2*h**2 + n*h**2 + 4. Calculate l(-5).
-11
Let g(u) = 11*u - 22*u + 0 - 2 + 3*u. Give g(-3).
22
Let m(g) = -4*g + 16. Let t(b) = b - 5. Let l(s) = 2*m(s) + 7*t(s). Let z be l(-6). Let j(h) = -h**z - h - 6*h**2 - 3*h + h - 5 - 3*h. Determine j(-5).
0
Let z(o) = -o**3 + 3*o**2 + 4*o + 2. Suppose 2*t = -p + 6, 5*t + 6*p = p + 10. Give z(t).
2
Let z(g) = -g**3 - g - 1. Let b(u) = 4*u**3 - u**2 + u + 1. Let p(w) = b(w) + 2*z(w). Calculate p(2).
9
Let x(y) be the third derivative of -y**9/60480 + y**8/6720 - y**7/2520 + y**5/30 + y**2. Let l(m) be the third derivative of x(m). Give l(3).
-6
Let b(o) = -2*o + 8 - 23 + 12. Determine b(-3).
3
Let x(s) = 7*s**2. Let r(b) = b - 1. Let w be r(-1). Let c = w - -1. What is x(c)?
7
Let r(z) be the first derivative of z**5/120 - 2*z**3/3 - 3. Let c(d) be the third derivative of r(d). Determine c(-2).
-2
Let w be ((-1 + 1)/3)/2. Suppose w = -k + 1, 0 = 3*u + 3*k + k + 8. Let a(c) = -4*c - 1. Determine a(u).
15
Let v(f) = -2*f**2 - 3*f - 3. Suppose -5*k - 14 = -4. Determine v(k).
-5
Let z be 14 + (1 - 2) + -2. Let d(f) = -9 - 3*f + 5*f + z. Let r = -5 - -7. Give d(r).
6
Let v = -1 - -5. Let k = v + -4. Let w(s) = s**2 + s - 2. Calculate w(k).
-2
Let g(b) = -b - 7. Let y be 0 + 1 - (1 + -3). Let d be (-2 + y)*-1*-17. Suppose -3*v + 2 = d. What is g(v)?
-2
Let n be (-1 - -1)/(2 - 1). Let s(v) = v + 1. Let u(c) = -5*c - 17. Let f(h) = 6*s(h) + u(h). What is f(n)?
-11
Let o(f) = -f. Let a = -7 + 28. Let x be 4/14 + 36/a. Suppose 4*l - 20 = 0, y + x*l + 4 = 3*l. Give o(y).
-1
Let x(w) = 4*w**2 - 9*w + 6. Let y(q) be the third derivative of q**5/12 - 5*q**4/12 + 7*q**3/6 - q**2. Let d(t) = -4*x(t) + 3*y(t). What is d(4)?
5
Let l be (3 - 2) + (5 - 3). Let c(o) = -o + 3. What is c(l)?
0
Let d(i) = -i**2 - 7*i - 8. Let r(f) = -7*f - 118. Let g be r(-16). What is d(g)?
-2
Let r(z) = -z + 1. Suppose -3*w = -5*i - w + 12, 0 = 4*i + 3*w - 5. Let s(k) = k. Let q be s(1). Let x = i + q. Calculate r(x).
-2
Suppose 0 = -5*s - 7 - 48. Let z(g) = -3*g + 62. Let f(w) = w - 21. Let o(h) = s*f(h) - 4*z(h). Determine o(8).
-9
Let b be (-3 + (3 - 1))/(-1). Let s be 0 - 0/b - -3. Suppose 0 = s*x + 4*z + 26, 3*z + 16 = -x - 1. Let r(d) = -d**3 - 4*d**2 - 4*d - 2. Give r(x).
-2
Let m(t) = -t**3 + 4*t**2 - 3*t + 2. Suppose 9*s - 4*s - 15 = 0. What is m(s)?
2
Suppose 3*d + 10 = -2. Let m be d/(-6) + (-2)/(-6). Let c(y) = m + 0*y - y - y. Give c(-1).
3
Let g(h) = -h - 3. Let l(q) = 2*q + 5. Let s(b) = 11*g(b) + 6*l(b). What is s(2)?
-1
Let c(y) = y + 17. Let w be c(-16). Let d(v) = 9*v - 1. Calculate d(w).
8
Let f(c) be the second derivative of -c**4/12 - c**3/6 + 3*c. Let y(s) = -3*s**2 - s + 1. Let g(u) = -5*f(u) + 2*y(u). What is g(3)?
2
Suppose 10*t + 4 = 34. Let z(r) = -3*r - 2. Determine z(t).
-11
Let k(a) = a**2 - 4*a - 5. Suppose -20 - 10 = -6*h. Calculate k(h).
0
Let t(i) = -5*i**3 + 11*i**2 - i + 14. Let k(h) = -14*h**3 + 32*h**2 - 4*h + 41. Let a(x) = 6*k(x) - 17*t(x). Calculate a(-6).
14
Let v(w) = -w**3 - w**2 + 6. Let p(f) = -3*f + 18. Let q be p(6). Calculate v(q).
6
Let q be 1/(1 - 2) + 2. Suppose 7 + q = 2*o. Let x(k) = -6*k + 6 - o*k**2 + 2*k**2 + 3*k**2. Calculate x(5).
1
Let z(o) = 4. Let u(j) = -j**3 - 2*j**2 + 3*j + 1. Let a be u(-2). Let c = a - -2. Let f(l) = l - 3. Let w(v) = c*f(v) - 2*z(v). Calculate w(-1).
4
Let n(c) = 0 + 1 + 2*c + 1 + 1. Determine n(-3).
-3
Let i be 10/(-50) - 6/(-5). Let h(m) = -5*m + 1. Calculate h(i).
-4
Let l = 29 + -46. Let d = l + 12. Let c(s) = s + 7. Give c(d).
2
Let c be (5 - (0 - -2)) + 1. Let y(u) be the first derivative of 3/2*u**2 - c*u + 2. Give y(3).
5
Let l(m) = -m**3 + m**2 + m - 1. Let k(a) = 3*a**3 - 2*a**2 - 2*a + 3. Let i(u) = -k(u) - 2*l(u). Suppose -5*z + 15 = -5*t, 5*z - 2*t = t + 5. Determine i(z).
7
Let p(i) = i**2 - 6*i - 3. Let z be p(6). Let u = z + 2. Let b(t) = -t - 2. Determine b(u).
-1
Suppose -5*h = -3*h. Suppose -5*y + 4*x + 12 = 0, h = y - 0*x + x + 3. Let i(d) be the third derivative of d**4/24 - 7*d**3/6 + 7*d**2. Give i(y).
-7
Let s(z) = -21*z - 2. Let y(i) = 65*i + 5. Let r(u) = 8*s(u) + 3*y(u). Give r(-1).
-28
Let o(b) = -b - 3. Let t be (0/(-1))/(2/(-4)*2). Calculate o(t).
-3
Let o(f) = -f + 14. Let l(n) = -1. Let x(i) = 6*l(i) + o(i). Let r be 28/8 - 2/(-4). Calculate x(r).
4
Let z(c) = -c**3 - 4*c**2 - 2*c - 5. Let d be z(-4). Let q(f) = -4 + 2*f + 6 - f**2 + d - 8*f. Determine q(-6).
5
Let b(k) = -k**3 - k**2 - 2*k - 3. Let g(c) = -2*c - 16. Let w be g(-7). What is b(w)?
5
Let m(t) = -2*t**3 - t**2 - 2*t - 1. Let v be m(-1). Let o(x) be the second derivative of 1/6*x**3 + 0 + 3/2*x**v - x. Give o(-3).
0
Let p = -6 + 2. Let k(q) be the second derivative of -q**6/360 - q**5/60 + q**4/12 - 2*q. Let y(r) be the third derivative of k(r). Determine y(p).
6
Let p(x) be the second derivative of 1/4*x**4 + x + 0*x**2 + 0*x**6 + 0 + 0*x**3 + 0*x**5 + 1/504*x**7. Let b(s) be the third derivative of p(s). What is b(-1)?
5
Let x(u) = -4*u**3 + u**2 + u - 1. Let i(f) = 3*f - 29. Let a be i(10). What is x(a)?
-3
Let l(c) = 9*c + 9. Let f be l(-4). Let y = f + 24. Let v(i) = 3*i**2 - 4*i**2 - i**2 + i - i**3. Determine v(y).
6
Suppose -b - 6*b - 63 = 0. Let s(v) = v**3 + 9*v**2 - 5. Give s(b).
-5
Let y(o) be the second derivative of o**3/6 - o**2 - o. Calculate 